*2 + 88*n + 62. Calculate f(-14).
6
Let i(t) = -4*t**3 + 3*t - 2. Calculate i(1).
-3
Let f(p) = 2*p**3 - 7*p**2 + 6*p + 4. Calculate f(2).
4
Let f(m) = 15*m**2 + 75*m + 6. Calculate f(-5).
6
Let v(l) = 5*l - 10. Determine v(4).
10
Let w(t) = t**2 + 13*t - 13. Determine w(-13).
-13
Let m(b) = -2*b**2 - 4*b - 2. Calculate m(-3).
-8
Let a(d) = -2*d - 41. Give a(-29).
17
Let t(d) = d**2 + 8*d + 1. Determine t(-6).
-11
Let c(d) = d**3 - 4*d**2 - 5*d + 6. Give c(3).
-18
Let u(o) = o**3 - 6*o**2 - 2*o - 8. Calculate u(5).
-43
Let u(r) = r**2 + 4*r - 11. Give u(-5).
-6
Let u(w) = 85*w - 511. Calculate u(6).
-1
Let j(t) = 2*t**3 - 10*t**2 + 3*t - 5. Calculate j(5).
10
Let u(g) = -2*g**3 - 7*g**2 - g + 3. What is u(-4)?
23
Let l(g) = 2*g + 21. Calculate l(-19).
-17
Let h(w) = -w**3 - 16*w**2 + 2*w + 21. Determine h(-16).
-11
Let c(o) = o**2 + 12*o - 14. Give c(-12).
-14
Let g(c) = c**2 - 14*c + 23. Calculate g(12).
-1
Let o(d) = d**3 + 9*d**2 + 6*d - 3. Calculate o(-8).
13
Let x(o) = -5*o**2 + 6*o - 2. Calculate x(3).
-29
Let v(b) = -2*b**3 + 15*b**2 + 3*b - 71. Calculate v(7).
-1
Let r(z) = -z**2 - 21*z - 86. Calculate r(-9).
22
Let u(a) = 2*a. Calculate u(9).
18
Let s(w) = w**2 - 15*w - 20. Calculate s(16).
-4
Let r(s) = 6*s + 29. Give r(-9).
-25
Let i(j) = -2*j**2 - 2*j - 20. Calculate i(-5).
-60
Let g(z) = 2*z**2 + 3*z + 11. Calculate g(-6).
65
Let n(t) = t**3 + 4*t**2 + 5*t + 6. What is n(-4)?
-14
Let r(v) = v + 61. What is r(-34)?
27
Let k(b) = b**3 + 3*b**2 - 8*b + 7. Determine k(-5).
-3
Let k(u) = u**3 + 27*u**2 + 51*u - 25. Determine k(-25).
-50
Let g(o) = o + 7. What is g(-5)?
2
Let i(b) = b**2 + 2*b - 27. What is i(-7)?
8
Let y(z) = -z**2 - 9*z + 8. Determine y(-10).
-2
Let f(b) = b**3 - 7*b**2 - 7*b + 10. Calculate f(7).
-39
Let y(t) = -t**2 + 7*t + 13. Give y(-4).
-31
Let s(z) = 4*z**3 + 2*z**2 + z - 1. What is s(-1)?
-4
Let g(o) = 6*o**2 + o. What is g(1)?
7
Let d(r) = -r**3 - 15*r**2 - 13*r - 16. Calculate d(-14).
-30
Let z(r) = r**2 - 18*r + 21. Determine z(16).
-11
Let h(j) = 3*j - 38. Determine h(15).
7
Let o(p) = -p**3 + 5*p**2 - 3*p + 7. What is o(3)?
16
Let s(k) = k**3 + 6*k**2 - 14*k - 16. What is s(-8)?
-32
Let u(v) = v**2 - 15*v - 286. Calculate u(26).
0
Let n(m) = m**2 + 2. Determine n(-6).
38
Let a(l) = -l**3 - 6*l**2 - l - 5. What is a(-6)?
1
Let r(l) = 2*l - 39. What is r(13)?
-13
Let o(x) = -x**3 - 2*x**2 + 16*x - 26. Give o(-6).
22
Let d(p) = 13*p**3 + p**2 + p. Determine d(-1).
-13
Let w(m) = -m**2 - 16*m - 49. Calculate w(-5).
6
Let x(u) = -u**2 - 4*u + 56. Calculate x(6).
-4
Let c(n) = n**2 + 3*n - 37. Calculate c(-8).
3
Let o(a) = a**3 - 13*a**2 + 13*a - 6. What is o(13)?
163
Let b(z) = -3*z + 100. What is b(30)?
10
Let y(l) = 4*l - 2. Calculate y(2).
6
Let h(s) = 2*s - 2. Determine h(1).
0
Let h(u) = -u**3 - 4*u**2 + 5*u + 3. Calculate h(-5).
3
Let u(h) = h**3 - 9*h**2 - 5*h + 7. Determine u(9).
-38
Let i(v) = -7*v - 6. Calculate i(2).
-20
Let y(m) = m**3 + 9*m**2 + 7*m - 8. Determine y(-8).
0
Let k(r) = -r**3 - 5*r**2 - 7*r - 31. What is k(-5)?
4
Let i(p) = p**2 + 10*p - 4. Calculate i(-12).
20
Let a(u) = u - 5. What is a(17)?
12
Let n(z) = 11*z**3 - 2*z**2 + 2. Determine n(1).
11
Let q(o) = 5*o**3 + 3*o**2 + 2*o + 3. Determine q(-2).
-29
Let s(p) = -p**3 + 27*p**2 - 52*p + 42. Calculate s(25).
-8
Let o(p) = p**3 - 7*p**2 - 9*p - 2. Determine o(8).
-10
Let g(f) = 2*f + 6. Give g(-6).
-6
Let y(c) = c - 39. Calculate y(26).
-13
Let f(y) = -4*y**2 - 103*y + 27. Calculate f(-26).
1
Let i(l) = l - 20. Determine i(16).
-4
Let b(s) = s**3 - 28*s**2 - 128*s - 6. Give b(32).
-6
Let u(x) = -x**2 + 7*x + 8. What is u(6)?
14
Let b(t) = -t**3 + 10*t**2 - 20*t - 10. Determine b(7).
-3
Let z(l) = l - 2. What is z(2)?
0
Let i(b) = -3*b + 17. What is i(10)?
-13
Let w(j) = 5*j**2 - 8*j - 9. Calculate w(-1).
4
Let j(a) = -a**2 - 8*a + 9. Determine j(6).
-75
Let r(j) = -2*j**2 + 5*j + 12. What is r(5)?
-13
Let n(v) = -v**2 + 5*v - 4. Calculate n(5).
-4
Let k(t) = 5*t**3 + t - 1. Determine k(1).
5
Let x(i) = i**3 + 6*i**2 - 2. Calculate x(-7).
-51
Let h(s) = -2*s**2 + 2*s + 11. Calculate h(0).
11
Let v(s) = -16*s + 234. Give v(15).
-6
Let t(x) = -x**3 - 4*x**2 - 2*x - 6. Determine t(-4).
2
Let i(w) = -11*w**2 + 155*w - 15. Give i(14).
-1
Let r(g) = -6*g + 47. Calculate r(6).
11
Let h(x) = -x**3 - 29*x**2 + 29*x - 56. Calculate h(-30).
-26
Let b(u) = u**2 + 12*u - 419. What is b(-27)?
-14
Let t(s) = 16*s + 8. What is t(-2)?
-24
Let h(z) = 9*z - 5. What is h(2)?
13
Let s(k) = 2*k**3 + 10*k**2 + 7*k - 9. Calculate s(-6).
-123
Let a(o) = o**3 - o - 49. Determine a(0).
-49
Let y(m) = m + 23. Give y(-12).
11
Let l(x) = -x**2 + 30*x - 34. Determine l(29).
-5
Let k(r) = 2*r**3 - 7*r**2 - 19*r + 55. Determine k(4).
-5
Let g(j) = j**3 + 11*j**2 + 6. Determine g(-11).
6
Let d(x) = 9*x - 4. Give d(-7).
-67
Let u(w) = w**3 + 4*w**2 + 5*w + 2. Give u(-4).
-18
Let w(s) = 2*s**2 + 176*s - 1537. Calculate w(-96).
-1
Let c(n) = -2*n - 73. Give c(-15).
-43
Let q(d) = -5*d - 10. Calculate q(7).
-45
Let a(z) = -110*z - 415. What is a(-4)?
25
Let k(o) = -11*o + 47. What is k(7)?
-30
Let y(t) = -t**3 - 7*t**2 - 8*t + 14. Determine y(-5).
4
Let v(z) = -z**2 - 6*z + 13. Give v(-10).
-27
Let s(v) = 10*v + 9. Give s(-4).
-31
Let z(s) = s**3 - 16*s**2 + 18*s - 45. Give z(15).
0
Let q(k) = 2*k**3 - 1. Determine q(-1).
-3
Let r(s) = s + 13. What is r(-19)?
-6
Let h(b) = -b**2 + 4*b + 3. What is h(3)?
6
Let t(n) = -n**3 - 13*n**2 - 15*n - 30. Give t(-12).
6
Let o(l) = -17*l + 148. Calculate o(8).
12
Let n(b) = -25*b + 1269. Calculate n(51).
-6
Let l(v) = v**3 - 14*v**2 - 1. Calculate l(14).
-1
Let v(n) = -n**3 + n**2 - 6*n + 1. Give v(4).
-71
Let t(s) = -9*s. Determine t(7).
-63
Let i(o) = -10*o**2 - o + 5. Determine i(2).
-37
Let w(a) = -a**2 + 3*a + 5. Determine w(3).
5
Let k(f) = -5*f - 22. Give k(7).
-57
Let d(o) = -13*o. Determine d(1).
-13
Let c(k) = k**3 - 119. Calculate c(0).
-119
Let m(o) = -o**3 + 6*o**2 + 21*o - 136. Determine m(6).
-10
Let q(n) = -n**3 - 7*n**2 - 10*n + 9. What is q(-5)?
9
Let x(v) = 17*v + 65. Calculate x(-4).
-3
Let m(t) = 18*t + 108. Give m(-5).
18
Let j(l) = -6*l - 44. What is j(-11)?
22
Let u(v) = v**3 - 8*v**2 + 6*v + 10. What is u(7)?
3
Let u(i) = 28*i**3 + i**2 - 3*i - 3. Determine u(-1).
-27
Let h(n) = 5*n + 7. Determine h(6).
37
Let r(y) = y**3 - 7*y**2 + 8*y - 6. Determine r(5).
-16
Let y(u) = 4*u - 38. Give y(9).
-2
Let b(d) = -d - 4. Give b(-19).
15
Let d(s) = 2*s**2 + 4*s + 44. Give d(-7).
114
Let w(q) = 5*q**2 + 48*q - 11. Calculate w(-9).
-38
Let m(d) = -3*d**2 + 172*d + 291. Give m(59).
-4
Let i(t) = 4*t + 1. Calculate i(-4).
-15
Let r(k) = -6*k**3 + 29*k**2 + 13*k - 11. Determine r(5).
29
Let v(b) = b**3 - 2*b**2 + b - 11. Calculate v(3).
1
Let r(g) = -g**2 + 9*g - 7. Give r(9).
-7
Let h(s) = s**3 - 5*s + 4. Determine h(3).
16
Let j(n) = n - 9. Give j(9).
0
Let f(w) = 6*w - 54. Determine f(10).
6
Let o(l) = -l**2 - 42*l - 414. Calculate o(-15).
-9
Let w(m) = -4*m**2 + 2*m - 115. Calculate w(0).
-115
Let p(o) = o**2 - 6*o + 8. Determine p(0).
8
Let c(t) = -4*t - 7. Give c(6).
-31
Let m(a) = 3*a + 67. What is m(-15)?
22
Let a(l) = -3*l**2 - 3*l + 6. What is a(4)?
-54
Let r(l) = l**3 - 20*l**2 - 24*l + 71. Calculate r(21).
8
Let f(z) = -z**3 + 18*z**2 + 63*z - 13. Calculate f(21).
-13
Let m(t) = -t**2 + 8*t - 6. What is m(3)?
9
Let d(q) = 2*q**3 + 2*q**2 - 8*q + 1. Give d(2).
9
Let n(a) = a**2 + 32*a + 19. Determine n(-31).
-12
Let i(p) = -5*p - 16. What is i(-6)?
14
Let b(t) = t**3 - 11*t**2 + t - 24. Determine b(11).
-13
Let h(q) = 3*q**2 - 7*q + 4. Determine h(3).
10
Let a(u) = 12*u + 2. Calculate a(4).
50
Let i(z) = 2*z + 15. What is i(-6)?
3
Let n(i) = 2*i - 4. Give n(5).
6
Let o(h) = -30*h**3 + h**2 - h - 1. Give o(-1).
31
Let a(r) = -r**3 + r**2 - 2*r - 105. Give a(0).
-105
Let t(q) = -q + 5. Calculate t(11).
-6
Let k(y) = y. Determine k(3).
3
Let d(x) = 5*x - 88. Calculate d(15).
-13
Let j(w) = 2*w**2 + 9*w + 13. Determine j(-3).
4
Let a(j) = j**3 + 8*j**2 - j + 6. Give a(-8).
14
Let m(q) = -q**2 + 13*q - 33. What is m(8)?
7
Let z(s) = s**2 + 5. Calculate z(3).
14
Let w(q) = 2*q + 2. Determine w(7).
16
Let s(j) = -3*j**2. What is s(-2)?
-12
Let u(n) = 3*n + 46. Calculate u(-17).
-5
Let c(g) = 302*g + 903. What is